141. List the prime factors of k(-13).
7243
Suppose 58*s - 7470 = 63*s. Let r = -888 - s. What are the prime factors of r?
2, 3, 101
Suppose -3*m + 3*h = -h + 134, -3*h = 4*m + 187. Let j = m - -46. Suppose j = -z + 48 + 41. What are the prime factors of z?
89
Let y = -67 + 70. Suppose -2*w = -c + 115, 0 = -3*c - 6*w + y*w + 309. Suppose c = k + d, 5*d + 9 = 2*d. What are the prime factors of k?
2, 5, 11
Let i(g) = -29*g - 116. Let k be i(-4). Suppose -437 = -y + 3*v, k = 2*y + v - 132 - 728. List the prime factors of y.
431
Suppose -3*c - 58578 = -4*z, 2*z - 2*c - 31330 = -2038. What are the prime factors of z?
2, 3, 5, 61
Let b = 9306 - -4290. List the prime factors of b.
2, 3, 11, 103
Let h(x) be the first derivative of -x**4/4 - 2*x**3/3 - x**2/2 - 5*x + 3. Let v be h(-4). Suppose -4*j + v = -441. What are the prime factors of j?
2, 59
Let c = 21 - 13. Suppose -493*v = -495*v + 220. Suppose 5*u + 4*a = c*u - v, 5*u - 4*a = 178. What are the prime factors of u?
2, 17
What are the prime factors of (-8605786)/(-1085) + 3/(-5)?
7, 11, 103
Suppose 20082 = 6*w - 3*w + 5*a, 5*w + a = 33492. What are the prime factors of w?
3, 7, 11, 29
Suppose 20 = -2*x + 7*g - 3*g, x - 3*g = -15. Suppose 45*q - 20*q - 15650 = x. List the prime factors of q.
2, 313
Suppose 0 = 2*b + 3*n + n - 258, 0 = -3*n + 3. Suppose 209 + b = 4*c + 5*q, 3*q + 67 = c. Let w = c - 31. List the prime factors of w.
2, 3
Let a(t) = 30823*t**2 - 34*t + 44. List the prime factors of a(1).
11, 2803
Suppose -4*j + 2 + 3 = 3*w, -3*w = 2*j - 7. Suppose -4*z + r - 2*r - w = 0, 2*r + 6 = 2*z. Let g = z - -8. List the prime factors of g.
2
Suppose 464179 + 51440 = 27*r. What are the prime factors of r?
13, 113
Let a = -6848 - -13647. List the prime factors of a.
13, 523
Let o(n) = 58*n**3 - 3*n**2 + 4*n - 2. Suppose -17*r - 5 + 22 = 0. What are the prime factors of o(r)?
3, 19
Let l = -40 + 42. Suppose 10 = -l*h, -2*n - 511 = -4*n + 3*h. Suppose 61*t + n = 63*t. List the prime factors of t.
2, 31
Let w(u) = 10*u**2 - 548*u + 170. List the prime factors of w(80).
2, 5, 19, 107
Suppose -2298 = -2*i - 178. What are the prime factors of i?
2, 5, 53
Suppose l + 2*l - 2*x = 134, -2*l - 4*x + 116 = 0. Suppose -290 = -2*m - l. List the prime factors of m.
11
Suppose 6*v = 2*v + 2*o - 640, -4*v = -5*o + 628. Let q = 466 - v. List the prime factors of q.
2, 157
Let j(v) = 8*v - 3. Let m be j(-11). Suppose 5*f - 308 = 5*z + 392, -4*f + 8 = 0. Let d = m - z. List the prime factors of d.
47
Suppose 3*v - 11*v - 2800 = 0. Let n = v - -603. List the prime factors of n.
11, 23
Suppose 0 = 5*g - 8 - 2. Let h be (-558 - 0)*(16/(-6) + g). Suppose -h = -5*k - 27. List the prime factors of k.
3, 23
Let r = 861 + -917. What are the prime factors of 56/(r/(-7)) - -1497?
2, 47
Suppose -224*l + 196*l = -14028. List the prime factors of l.
3, 167
Let m = 91416 - 64657. List the prime factors of m.
26759
Suppose 35*t = -33*t + 64*t + 77928. What are the prime factors of t?
2, 3, 17, 191
Let v(u) = -40*u**3 + u**2 - u + 4. Let y be v(2). Let i = y - -395. List the prime factors of i.
3
Let q(j) = -j**2 - 3*j + 983. Let k be q(0). Let a = k + -285. List the prime factors of a.
2, 349
Let l(h) = 1120*h**2 + 23*h + 4. What are the prime factors of l(-3)?
5, 2003
Let w(u) = u**2 + 65*u + 603. What are the prime factors of w(-68)?
3, 269
Suppose 4*g + 4*b - 158980 = 0, -645*g - 5*b = -643*g - 79514. List the prime factors of g.
79, 503
Suppose 8 = -0*q + q - f, -5*q + 38 = -4*f. Let y(s) = s**3 - 6*s**2 + 8*s - 6. Let o be y(q). Suppose 2*d - o = 4. List the prime factors of d.
23
Let d(s) = 2*s**2 - s + 4. Let p = -55 + 57. Let q be d(p). Suppose 0 = -4*h + 330 + q. List the prime factors of h.
5, 17
Let z(l) = 26*l**2 + 75*l - 909. What are the prime factors of z(29)?
2, 5783
Suppose 3*n + 34 = -m + 103, 3 = -m. Let g be (399 + -1)*9/6. List the prime factors of 2 - g/(-9) - 8/n.
2, 17
Suppose 472 = -47*y + 49*y. Suppose f = l + 4*l + 142, 2*f - y = -2*l. List the prime factors of f.
2, 61
Suppose 178199*i = 178170*i + 1366799. List the prime factors of i.
7, 6733
Let d(h) = 2313*h**2 - 132*h - 130. List the prime factors of d(-1).
5, 463
Suppose -33*r + 13*r - 540 = 0. Let w = -13 - r. List the prime factors of w.
2, 7
Let a(l) = 6*l**3 - 17*l**2 - 3. Let z be a(3). Let w(c) = -24*c + 146. List the prime factors of w(z).
2
Let c(t) = -7*t**3 - 2*t**2 + 15*t + 25. What are the prime factors of c(-4)?
3, 127
What are the prime factors of 933795/(-15)*(-2)/(-6)*-3?
3, 6917
Let h(c) = 36*c**3 + c**2 - 3*c. Let x be h(1). Suppose x*m - 2644 = 35130. List the prime factors of m.
11, 101
Suppose q = 4*l + 1109, 2*q - 338 - 224 = 2*l. Let w = 299 + l. What are the prime factors of w?
23
What are the prime factors of 7407 + 7*(-5 + 174/42)?
3, 2467
Suppose -580 = 18*z - 28*z. Suppose u = -5*d + 50, z*u = 53*u + 25. What are the prime factors of d?
3
Suppose z - 746 = -71*k + 66*k, k - 3*z - 178 = 0. What are the prime factors of k?
151
Let p(s) = -2*s**2 - s + 13273. List the prime factors of p(0).
13, 1021
Suppose 0 = 5*r - 7 - 13. Suppose 5*q - 1690 = 4*x + x, 2*q - r*x = 680. What are the prime factors of q?
2, 3, 7
Let x = 137765 - 92819. What are the prime factors of x?
2, 3, 11, 227
Let r = -308 - -433. Let g = r - 68. List the prime factors of g.
3, 19
Let j(f) = -10*f + 32. Let u = -82 - -82. List the prime factors of j(u).
2
Suppose -42*i - 24 = -46*i. Let a(j) = 13 + 13 - i*j - 22. List the prime factors of a(-3).
2, 11
Suppose 32*f + 844 = -660. Let v = 229 + f. What are the prime factors of v?
2, 7, 13
Let r(f) = 17*f**2 + 34*f + 65. List the prime factors of r(-21).
2, 107
Let y(a) = -a**2 + 8*a + 31. Let j(c) = c**3 - 2*c**2 + 2*c - 1. Let b be j(2). Suppose 4*k - 10 = b*k. List the prime factors of y(k).
11
Suppose 0 = -x - 2, -2*s = -7*s - 5*x + 15. Suppose 4*d + 2*p - 648 = 0, 32 + 778 = s*d + 5*p. What are the prime factors of d?
2, 3
Suppose 2*l + 32 = -816. Let a = l - -714. What are the prime factors of a?
2, 5, 29
Let t(o) = -2*o**3 - 10*o**2 + 12*o + 69. Let u = 890 + -901. What are the prime factors of t(u)?
3, 463
Suppose -16*a - 16*a + 106065 = 13*a. List the prime factors of a.
2357
Let p(u) = 2*u**3 + 117*u**2 + 21*u + 79. What are the prime factors of p(-51)?
47, 809
Let t = 29747 + -14073. What are the prime factors of t?
2, 17, 461
Let c = 16859 + 68470. What are the prime factors of c?
3, 19, 499
Suppose 2*j - z + 13815 = -2*z, -5*j - 3*z = 34536. What are the prime factors of (-3)/(-5) + j/(-35)?
2, 3, 11
Let b(r) = 32*r**2 + 24. Let s be b(8). Suppose 121*p - s = 114*p. List the prime factors of p.
2, 37
Suppose 1 - 5 = -2*k. Let o(d) = -d**3 - 15*d**2 + 22*d + 57. Let a be o(-17). Suppose 4*f - a = k*u - 3*u, 3*f = -2*u + 202. List the prime factors of f.
2
Let b be -16 - -13 - (0 - 2). Let c(i) = -9*i**3 + 2*i**2 + i. Let d be c(b). List the prime factors of (-423)/(-3)*d/15.
2, 47
Suppose 5*u + 3*i - 24 = 10, -2*u + 3*i = -22. Suppose 5*y - u = -3*t + 2, -t - 4*y - 6 = 0. Suppose t*h - 180 = 90. List the prime factors of h.
3
Let d be (-5 + 323)/(9/24). Suppose z + 4*u = d, u - 6*u = -4*z + 3371. List the prime factors of z.
2, 211
Let r(l) = 3*l**2 + 14*l + 19. Let p be r(-6). Let i = 61 - p. Suppose -i*m + 7*m = -935. What are the prime factors of m?
5, 17
Suppose 198718 = 197*u - 670840. What are the prime factors of u?
2, 2207
Suppose 68*d - 3*d - 1311 - 173019 = 0. List the prime factors of d.
2, 3, 149
Suppose 216 = -4*j - 188. Let a = 207 - j. What are the prime factors of a?
2, 7, 11
What are the prime factors of (-12553)/(-1) - (-1960)/280*(1 - 0)?
2, 5, 157
Let s be 5 - (-6)/((-36)/906). Let d = 54 - s. Suppose 0 = u + 4, z + 2*u - d = 6*u. What are the prime factors of z?
2, 23
Let g(b) = -b**2 + 37*b - 2. Let k be g(13). Let j = k + -293. List the prime factors of j.
17
Suppose 9*o - 11*o + 3*m = -24144, -2*o + m = -24144. What are the prime factors of o?
2, 3, 503
Suppose 0 = -5*x - 10, -3*m = -6*m + 20*x + 53902. List the prime factors of m.
2, 47, 191
Let q(u) = 636*u - 67. List the prime factors of q(39).
29, 853
Suppose j - 316*v = -320*v + 9034, 0 = j - 2*v - 9016. List the prime factors of j.
2, 13, 347
Let x(c) = -14 - 1 + 0*c - 5*c. Let y(k) = -k**3 - 7*k**2 - 5*k + 